divided by 12*2/((-6)/5*-1)?
18
Let a(d) = 2*d**3 + 2*d + 3. Let k be a(4). Suppose 4*q = k + 49. Calculate the remainder when q is divided by 16.
15
Let r = -20 + 39. Suppose 2*k = 3*o - 0*o - 94, -4*o + 107 = k. Suppose -t = -5*t + o. Calculate the remainder when r is divided by t.
5
Let r = -46 + 52. Let a = 8 - 4. What is the remainder when r is divided by a?
2
Suppose -29*a + 19 = -28*a. Calculate the remainder when a is divided by 7.
5
Let j = -36 + 58. What is the remainder when j is divided by 12?
10
Suppose 0 = 2*q + 5*y - 4, 3*q - 13 = 3*y - 7*y. Let t(d) = -d**2 - 16*d - 8. Calculate the remainder when t(-14) is divided by q.
6
What is the remainder when 30 is divided by (-130)/(-7) + ((-36)/(-21))/(-3)?
12
Suppose -3*p - 9 = -69. Suppose -7*j - 19 + 68 = 0. What is the remainder when p is divided by j?
6
Let z(r) = -r**3 - 4*r**2 + 5. Let q be z(-4). Suppose 4*g - 30 = -5*p - g, q*g + 70 = 5*p. What is the remainder when 28 is divided by p?
8
Let r(q) = q + 7. Let d be r(-6). What is the remainder when 1 + -2 - d*-4 is divided by 2*2/4*1?
0
Calculate the remainder when 12 - (-5)/(3 + -8) is divided by 6.
5
Let m be (-1 - -1) + 13/1. Suppose 3*q - 4*q + m = 0. Calculate the remainder when q is divided by 8.
5
Let g(s) = s**2 - 3*s - 3. Let m be g(3). Let c(z) = 1. Let o(y) = -4*y - 5. Let l(w) = 2*c(w) + o(w). Calculate the remainder when 25 is divided by l(m).
7
Let v(b) = -b**3 - 6*b**2 - b + 4. Suppose 0 = 3*j + x + 4*x - 2, -3*x + 42 = -5*j. Let m(a) = 30*a**2 + a. What is the remainder when m(-1) is divided by v(j)?
9
Suppose 0 = 3*x + 1 - 19. Suppose -38 = 3*a - 5*g, a + 7 = -5*g + g. Let j = 0 - a. What is the remainder when j is divided by x?
5
Suppose 60 = 4*k - 44. Let h(r) = 2*r. Let q be h(2). Suppose 1 = q*b - 35. What is the remainder when k is divided by b?
8
Suppose 120 = 5*n + 4*u, -3*u + 8 = -7. What is the remainder when 57 is divided by n?
17
Suppose -2*t + 44 - 2 = 0. Calculate the remainder when 83 is divided by t.
20
Let z(s) = 18*s**3 - 3*s**2 + 4*s - 2. What is the remainder when z(1) is divided by 9?
8
Suppose -2*o - 15 = -3*z, 3*o - 2*o + z - 5 = 0. Let g(l) = -l**3 - l**2 - l + 47. Calculate the remainder when g(o) is divided by 12.
11
Suppose 6*d - 2*d = 68. What is the remainder when d is divided by 6?
5
Let o = 4 + -1. Suppose 0 = -o*h + 3 + 48. What is the remainder when 30 is divided by h?
13
Let n(a) = -3*a - 9. What is the remainder when n(-10) is divided by 11?
10
Suppose 5*f = 4*k - 223, -k = 4*f - 2*f - 59. What is the remainder when k is divided by 20?
17
Let r(a) = -12*a + 1. What is the remainder when r(-1) is divided by 3?
1
Suppose t = -2*q + 28, -4*q + t + 56 = 2*t. Calculate the remainder when 95 is divided by q.
11
Suppose -4*c = 3*t - 53, 4*t - 3*c = -c + 34. What is the remainder when 25 is divided by t?
3
Let z(d) = -d - 12. Let l be z(-19). Suppose -l*a = -5*a - 6. Calculate the remainder when 6 is divided by a.
0
Suppose 134*x - 391 = 111*x. Let a = 8 - 5. Suppose -4*f = -a*k + 23, -f = k - 0*f - 10. Calculate the remainder when x is divided by k.
8
Let y = 65 - 46. Suppose m = -8 + y. What is the remainder when 42 is divided by m?
9
Let m(f) = 2*f**3 - f**3 - 13*f - 3 + 11*f**2 - 5. Calculate the remainder when 7 is divided by m(-12).
3
Let o(f) = -34*f**3. Suppose 11*n + n - 216 = 0. Calculate the remainder when o(-1) is divided by n.
16
Let s = 54 - -4. Let g = 120 + -20. Suppose 0*w + 5*w = g. Calculate the remainder when s is divided by w.
18
Let k(n) = -2*n**2 - 3 + 4*n**2 - 1 + 3*n. Let b(g) = -g**3 + 12*g**2 - 12*g + 14. Let c be b(11). What is the remainder when 44 is divided by k(c)?
21
Let y be 1/(-2)*(-30)/(-3). Let o = y + 50. Calculate the remainder when o is divided by 16.
13
Let j = -19 - -31. Calculate the remainder when 22 is divided by j.
10
Let k = -4 - -17. What is the remainder when 25 is divided by k?
12
Suppose -2*q - 1 = -29. Calculate the remainder when 52 is divided by q.
10
Let i be (-80)/(-35) - (-2)/(-7). Suppose -i*l + 30 + 14 = 0. Let v = -6 + 18. Calculate the remainder when l is divided by v.
10
Let o(t) = -3*t + 4. Calculate the remainder when (-2)/((-327)/(-111) - 3) is divided by o(-3).
11
Suppose -4*z - 4*n - 10 = -30, 0 = -3*z - 4*n + 16. Let k = 66 + -12. Suppose z*q - k = 18. What is the remainder when 33 is divided by q?
15
Let o = -3 - -5. Suppose -96 = -o*w - w. What is the remainder when w is divided by 2/(-1 - (-39)/33)?
10
Let q(f) = f**2 + 5*f - 7. Let n be q(-6). Let c = -12 + 24. Calculate the remainder when (1/(-1))/(n/34) is divided by c.
10
Let b(v) = -v**2 + 8*v + 1. What is the remainder when b(7) is divided by 3?
2
Suppose 3*i - 9 = 0, 5*j - 4*i - 199 - 214 = 0. Calculate the remainder when j is divided by 18.
13
Let g(u) = -u**3 - 5*u**2 - 4*u - 2. Suppose 2*v - 5*x + 8 = -12, 5*v + 5*x + 15 = 0. Calculate the remainder when 35 is divided by g(v).
17
Let b = -35 - -73. What is the remainder when b is divided by 13?
12
Suppose -n + 4*n - 18 = 0. Let b(u) = -u**2 + 6*u + 7. What is the remainder when 27 is divided by b(n)?
6
Let s(d) = d**3 - 7*d**2 + 2*d - 7. Let t be s(7). Suppose 5*h - t = 3. Suppose -a = -5*r, 4*r = 6*a - 2*a - 16. What is the remainder when h is divided by r?
0
Let u = 88 + -58. Calculate the remainder when 59 is divided by u.
29
Suppose -2*q + 24 = -0*q. Let s(h) be the second derivative of h**4/6 - h**3 - h**2/2 - 2*h. What is the remainder when s(6) is divided by q?
11
Let j(p) = -43*p. Suppose f + 11 = 7*y - 3*y, -f = y - 9. Suppose 2*q - t - 30 = -y, -3*q = 4*t - 61. Calculate the remainder when j(-1) is divided by q.
13
Suppose 0 = -3*b + 8 + 4. Suppose 0 = 5*s + b*k - 60, 2*k + 0 = 10. Let j = 51 - 20. Calculate the remainder when j is divided by s.
7
Suppose 4*b - 3*b - 11 = 0. Suppose b - 41 = -o. Calculate the remainder when o is divided by 11.
8
Let c(p) = p**3 + 18*p**2 + 14*p + 6. What is the remainder when c(-17) is divided by 15?
12
Let n be (-6)/15 + 47/5. Let h = -29 - -53. Calculate the remainder when h is divided by 3/n*1*39.
11
Suppose -3*w = -r + 10, 2*w + w = -5*r + 68. Suppose 2*c = -4*x + 3*c + 64, -x + r = -c. What is the remainder when x is divided by 9?
8
Suppose -2*y - 3*y = 4*r - 1093, 821 = 3*r + 5*y. Let h = r - 161. What is the remainder when h is divided by 28?
27
Suppose 3*u - 42 + 3 = 0. What is the remainder when 34 is divided by u?
8
Let y(p) = -13*p - 2*p - p**3 - 14*p**2 + 0 + 5. Calculate the remainder when y(-13) is divided by 16.
15
Let s(g) = 6*g**2. Let w(b) = -2*b - 2. Let c be w(-4). Suppose c*m - 80 = m. Calculate the remainder when m is divided by s(1).
4
Suppose 0 = 4*m + 2*d - 48, -d + 24 = 2*m + 2*d. Suppose 0*z - z + 47 = 0. What is the remainder when z is divided by m?
11
Let y be 12/(-24) - (-146)/4. Suppose y + 32 = 2*r. What is the remainder when 99 is divided by r?
31
Let y = -29 + 21. Calculate the remainder when 50 is divided by (-1)/(-4) - 142/y.
14
Let v(j) = -11*j**3 - 2*j**2 + j - 3. Calculate the remainder when v(-2) is divided by 16.
11
Let b = 0 - -3. Suppose -b*u + 4 = -5, -5*u + 29 = p. Calculate the remainder when 53 - 10/(-20)*0/(-2) is divided by p.
11
Suppose -12 = -u - f, 0 = 2*u - 6*u + 3*f + 55. What is the remainder when 63 is divided by u?
11
Let n = 35 + -13. Suppose -4*s - 24 = -7*s. What is the remainder when n is divided by s?
6
Suppose 4*p - 688 = 4*c, 0 = -3*p + 8*c - 10*c + 491. Calculate the remainder when p is divided by 42.
41
Let i(g) = -85*g + 1. Let s be i(1). Suppose 0*r - 2 = r. Calculate the remainder when 18 is divided by r/(-3) + s/(-9).
8
Let j(c) = 2*c**3 + 2*c**2 - 2*c + 1. Let m be j(1). Suppose 0 = r, h - r - 14 + 7 = 0. Suppose 0 = -m*t + h + 2. What is the remainder when 5 is divided by t?
2
Let v = 18 + 10. Suppose -70 = -4*d - 14. Suppose -d = -2*x + 3*c, 4*c + 23 = 5*x - 19. Calculate the remainder when v is divided by x.
8
Let x be (-2)/(-2 + (-4)/(-3)). Suppose 0 = x*i, -5*m - i = i - 70. What is the remainder when 39 is divided by m?
11
Let w(b) = -3*b**3 - 6*b**2 - 8*b - 4. What is the remainder when 92 is divided by w(-3)?
45
Suppose 0 = 5*y - 6 - 14. Suppose 3*u - y*u + 7 = 0. Calculate the remainder when 50 is divided by ((-2)/4)/(u/(-238)).
16
Suppose -3*b + 18 = -93. Suppose 3*u - 91 = -b. 